*d - 3*f = -8. List the prime factors of 78/d*(-10)/15.
13
Let f = 7 - 4. What are the prime factors of f?
3
Suppose -3*c = 3*u - 309, -3*u - u = -c - 422. What are the prime factors of u?
3, 5, 7
Suppose -l - 5*h + 27 = 0, -2*l + 4*l - 66 = 2*h. Suppose -9*d = -5*d - l. Suppose -24 = -3*u + 4*f, d = 2*u + f + 3. List the prime factors of u.
2
Suppose 3 = 3*v - k, 2*v - k + 5 = 6. Suppose -5*j + 30 = -v*u + u, -3*u - 40 = -5*j. List the prime factors of j.
5
Suppose 3*t - 27 - 75 = 0. What are the prime factors of t?
2, 17
Suppose 2*b + 5 = u, -u - 4*b + 3 + 2 = 0. Suppose -2*z - r = 19 - 52, 0 = 3*z - u*r - 17. List the prime factors of z.
2, 7
Let r(w) = w**2 - 9*w - 6. Let t(a) be the third derivative of -a**4/6 - 5*a**3/6 - 3*a**2. Let g be t(-4). List the prime factors of r(g).
2
Suppose 0 = 5*u - 0*u + 2*g - 160, -u + 32 = -2*g. List the prime factors of u.
2
Let u be (-30)/(-9)*30/(-4). Let p = -10 - u. List the prime factors of p.
3, 5
Let f be 11 - 3/(-3) - 1. Let p be -1 - (-6)/(-3) - -1. List the prime factors of p/(-2)*(f + -1).
2, 5
Let r(u) = -5*u**2 + 14*u + 4. Let d(b) = 6*b**2 - 15*b - 3. Let g(c) = 4*d(c) + 5*r(c). What are the prime factors of g(9)?
17
Suppose -2*f + f = -28. Suppose -3*r + c + f + 4 = 0, -4*c = -5*r + 44. List the prime factors of (-4)/6*r/(-2).
2
Suppose 134 = 5*h + 9. What are the prime factors of h?
5
Suppose 5*d - 2*p - 625 = -6*p, 3*d - 375 = -3*p. What are the prime factors of d?
5
Let h(q) = q**3 + 2*q**2 - 5*q - 4. Let s be h(-3). Suppose -m - f - f = -23, 40 = s*m + 2*f. List the prime factors of m.
17
Let k be (-3 - 0)/((-4)/(-12)). Let a(y) = y**2 + 8*y. What are the prime factors of a(k)?
3
Let b be 11 - (-1)/(-2)*-2. What are the prime factors of 8/b + (-12)/(-9)?
2
Suppose 0 = -17*p + 15*p + 40. List the prime factors of p.
2, 5
What are the prime factors of 0/(-2)*(1 + 0) - -4?
2
Suppose -1518 = 9*t - 15*t. What are the prime factors of t?
11, 23
Suppose 0 = -4*g - 361 - 239. List the prime factors of 4/(-30) - 2420/g.
2
Suppose -6*c + 2*c = 20. What are the prime factors of (-1)/c + (-49)/(-5)?
2, 5
Let t be -4 + 7 + 4 + -3. Suppose -2*l - 122 = -4*d, t*d = -l + 9 + 122. List the prime factors of d.
2
Suppose -2*p + 3*y - 823 = -6*p, y = 3*p - 601. List the prime factors of p.
2, 101
Let w be (-26)/(-13)*1/2. List the prime factors of (-400)/(-24) + w/3.
17
Suppose 0 = -31*o + 29*o + 260. What are the prime factors of o?
2, 5, 13
Let x(w) = 5*w**2 + 7*w + 2. Let r(l) = -l**2 - l - 1. Let q(p) = 4*r(p) + x(p). Suppose -5*v - 16 = 14. What are the prime factors of q(v)?
2
Let f be (0 - 1)/1*-3. Suppose -3*i - 2*x = 40, f*i - 2*x + 17 = -3. What are the prime factors of (i/(-3))/((-1)/(-3))?
2, 5
Let n(y) = -y**2 - 4*y + 4. Let s be n(-4). Suppose 6 + s = 5*g. List the prime factors of g.
2
Suppose 1200 = -22*g + 26*g. What are the prime factors of g?
2, 3, 5
Suppose -2*l - 3*n - 9 = -53, -5*n = -4*l + 132. Suppose v + l = 5*v. Suppose 3*c - 28 = -v. What are the prime factors of c?
7
Let l be 18/(-2) - (-2)/(-1). Let b = -1 - l. List the prime factors of b.
2, 5
Let b(v) = 10*v**3 + 3*v**2 - 4*v + 3. What are the prime factors of b(2)?
3, 29
Let l(f) be the second derivative of f**5/10 - f**4/12 - f**3/6 - 3*f. Let m be l(2). Let q = m + 1. List the prime factors of q.
11
Let q = -14 - -5. What are the prime factors of 16/6 + (-3)/q?
3
Let t be 1*(-2 + 4 - -6). Let l = -4 + t. What are the prime factors of l?
2
Let d(l) = -3*l**2 - 7*l - 5. Let g be d(-4). Let y = g - -42. What are the prime factors of y?
17
Let d(r) = 5*r + 2. Let f be d(-1). List the prime factors of 8 + (f - -4)*1.
3
Suppose -6*p + 38 + 28 = 0. List the prime factors of p.
11
Let t be (-2)/6*(-3 - 0). Let h be 2/(t - 15/9). Let r = h + 11. What are the prime factors of r?
2
Suppose 0 = 3*w - 535 + 121. What are the prime factors of w?
2, 3, 23
Let a(o) = -10*o**3 + o**2 - 2*o + 1. Let g be a(1). Let c = 8 - g. List the prime factors of c.
2, 3
What are the prime factors of 127 - 0 - 2/(-4)*-6?
2, 31
What are the prime factors of (-1)/(-2) + (-10)/(-4)?
3
Suppose -p - 20 = -5*p - 4*k, -k - 11 = -3*p. Suppose 0 = -h - 2*b - b - 4, 4*h = -p*b. Suppose h*q - 45 = -q. List the prime factors of q.
3, 5
Suppose -s = 3*x - 0 + 5, -4*s - 5*x + 1 = 0. Suppose -4*r + 28 = s*n, -2*r + 34 = 3*r + 4*n. What are the prime factors of r?
2, 3
Let v = 34 - 20. Suppose 2*b + v = 3*b. What are the prime factors of b?
2, 7
Let s = 34 - 17. What are the prime factors of s?
17
Let g(d) = d**2 - 12*d - 10. List the prime factors of g(14).
2, 3
What are the prime factors of (0 + -1)*(5 + -184)?
179
Let u = 11 + -8. Suppose u*t = 81 - 0. Suppose -2*g + 5*g = t. List the prime factors of g.
3
Suppose 4*o + o - 191 = -2*z, 2*z - 43 = -o. List the prime factors of o.
37
Suppose 5*t = 14 - 114. What are the prime factors of 8/t - (-488)/20?
2, 3
Let g(w) = 12*w - 3. Let j be 4/14 - 12/(-7). Let k be g(j). Suppose -k - 9 = -3*n. List the prime factors of n.
2, 5
Let d(y) = y**3 + 3*y**2 - y + 1. Let c be d(-3). Let i(a) = -a**3 + 3*a**2 + 4*a + 1. Let s be i(c). List the prime factors of 1 + -1 - s*-4.
2
Let q(i) = i**2 + 4*i - 5. Let w = 7 + -11. Let b be q(w). Let v(d) = -d**3 - 4*d**2 + 6*d + 7. What are the prime factors of v(b)?
2
Let s = -32 + 141. What are the prime factors of s?
109
Suppose 2 = -3*i + 8. Let b be 0/(-6 + 2 + i). Suppose b*p = -3*p + 15. List the prime factors of p.
5
Suppose -6 - 2 = -4*r. Suppose p - 13 = -5*j, p + 3*j - 12 + 3 = 0. Suppose 4*b = p*s, 5*s - 3*b - 5 = r*b. List the prime factors of s.
2
List the prime factors of -3*(-41)/3 + -1.
2, 5
Let t = 59 + -20. Suppose -4*i + t - 11 = 0. List the prime factors of i.
7
Let o be (2/5)/(5/50). Suppose -5*s + 7 = -o*z, -2*s + 3*z = 2*s - 6. Suppose 0 = -p + 4, -s*d - 4*p + 2*p + 38 = 0. List the prime factors of d.
2, 5
Let q = 4 + -1. Let j = 9 - q. List the prime factors of j.
2, 3
Let w be -5*(-1 - 1 - -3). Let g = w + 9. What are the prime factors of g?
2
Let q be (-148)/18 - 4/(-18). List the prime factors of (-2)/24*3*q.
2
Let j = -47 + 51. What are the prime factors of j?
2
Suppose 72 = 4*j + j + 3*a, 2*j + 3*a - 27 = 0. Let g = j + -8. What are the prime factors of g?
7
List the prime factors of 4571/21 + (-2)/(-6).
2, 109
Let i be 2/(-4) + (-10)/(-4). Let z = 1 + i. Suppose 14 = z*r + g, 2*g - 14 = -r + 4*g. List the prime factors of r.
2, 3
Let o = -66 - -92. List the prime factors of (-4)/o + (-119)/(-13).
3
Let d(g) = -g**3 - g**2 + 13. Let u(s) = s**3 + 2*s**2 - 3*s. Let o be u(-3). Let l be d(o). Suppose 2*j - 19 - l = 0. What are the prime factors of j?
2
Suppose 7*k = 137 - 18. List the prime factors of k.
17
Let l(k) = k**3 + 5*k**2 + 2*k - 5. Let w be l(-4). Suppose 6*c - w*c = 9. What are the prime factors of c?
3
Let k(l) = l**2 - 2*l + 6. Let o be 32/(-24)*(-6)/2. Let u be k(o). What are the prime factors of ((-18)/21)/((-2)/u)?
2, 3
Let s = 8 + -5. Suppose 0 = -s*x + 2*x. Suppose x = o - 0*o - 3. What are the prime factors of o?
3
Suppose 5*j = a - 24, 0*a = a + 2*j - 10. Let q = 11 + a. What are the prime factors of q?
5
Let u = 128 - 81. List the prime factors of u.
47
Let t(g) = g**2 - 7*g - 18. List the prime factors of t(12).
2, 3, 7
Let t = -4 + -10. Let m = t - -29. List the prime factors of m.
3, 5
Suppose 0*p = -5*p - 40. What are the prime factors of 2 - (p + 3 - -3)?
2
Suppose 161 = 5*s - 0*s - 4*u, -2*u = -3*s + 97. List the prime factors of s.
3, 11
Suppose -5*g + 3 = 13. List the prime factors of g/((-8)/14)*4.
2, 7
Let b(u) = -2*u**2 + 4*u - 3. Let c be b(2). Let y(s) = -s**2 - 3*s - 2. Let r be y(c). List the prime factors of 35/r*8/(-10).
2, 7
Suppose -2*q + 30 = 5*a, -6*a - 3*q = -3*a - 27. Suppose 28 = -a*n + 8*n. Let b = n - 3. List the prime factors of b.
2
Let a(r) be the first derivative of r**2 - 6*r + 7. What are the prime factors of a(7)?
2
Let s(o) = 8*o - 4. List the prime factors of s(6).
2, 11
Let g = -20 + 28. Let i be ((-10)/g)/((-3)/12). Suppose i*y + 24 = 7*y. What are the prime factors of y?
2, 3
Let p = 115 - 53. List the prime factors of p.
2, 31
List the prime factors of 56/6 - (-6)/(-18).
3
Let i(v) = -2*v**3 + 4*v**2 - 2. Let s be i(4). List the prime factors of (s/10)/(1/(-5)).
3, 11
Let w be (-8)/(-32) + (-27